factors of 5758.
2, 2879
What are the prime factors of 1976?
2, 13, 19
What are the prime factors of 24376?
2, 11, 277
What are the prime factors of 53232?
2, 3, 1109
List the prime factors of 1892.
2, 11, 43
List the prime factors of 61407.
3, 6823
List the prime factors of 12401.
12401
List the prime factors of 12021.
3, 4007
What are the prime factors of 1569?
3, 523
List the prime factors of 3193.
31, 103
List the prime factors of 5526.
2, 3, 307
What are the prime factors of 25799?
25799
What are the prime factors of 2519?
11, 229
List the prime factors of 14837.
37, 401
List the prime factors of 14481.
3, 1609
What are the prime factors of 58387?
7, 19, 439
List the prime factors of 62699.
7, 13, 53
What are the prime factors of 21020?
2, 5, 1051
List the prime factors of 8083.
59, 137
List the prime factors of 2029.
2029
What are the prime factors of 40405?
5, 8081
List the prime factors of 52064.
2, 1627
List the prime factors of 31520.
2, 5, 197
List the prime factors of 6519.
3, 41, 53
List the prime factors of 30687.
3, 53, 193
List the prime factors of 8553.
3, 2851
List the prime factors of 10362.
2, 3, 11, 157
What are the prime factors of 158406?
2, 3, 17, 1553
List the prime factors of 25554.
2, 3, 4259
List the prime factors of 2725.
5, 109
What are the prime factors of 65066?
2, 32533
What are the prime factors of 117893?
31, 3803
What are the prime factors of 2764?
2, 691
What are the prime factors of 79953?
3, 29, 919
List the prime factors of 3368.
2, 421
List the prime factors of 719.
719
What are the prime factors of 3376?
2, 211
What are the prime factors of 805?
5, 7, 23
What are the prime factors of 35715?
3, 5, 2381
What are the prime factors of 52374?
2, 3, 7, 29, 43
List the prime factors of 6052.
2, 17, 89
List the prime factors of 31423.
7, 67
What are the prime factors of 46976?
2, 367
List the prime factors of 4142.
2, 19, 109
List the prime factors of 2170.
2, 5, 7, 31
List the prime factors of 41279.
7, 5897
List the prime factors of 5758.
2, 2879
What are the prime factors of 527?
17, 31
What are the prime factors of 1420?
2, 5, 71
List the prime factors of 13729.
13729
List the prime factors of 4535.
5, 907
What are the prime factors of 3?
3
List the prime factors of 20052.
2, 3, 557
What are the prime factors of 3689?
7, 17, 31
What are the prime factors of 408?
2, 3, 17
What are the prime factors of 473?
11, 43
List the prime factors of 3648.
2, 3, 19
What are the prime factors of 1889?
1889
What are the prime factors of 4439?
23, 193
What are the prime factors of 85436?
2, 13, 31, 53
What are the prime factors of 37109?
43, 863
List the prime factors of 26528.
2, 829
List the prime factors of 4281.
3, 1427
What are the prime factors of 3234?
2, 3, 7, 11
What are the prime factors of 45681?
3, 15227
What are the prime factors of 4217?
4217
What are the prime factors of 228?
2, 3, 19
What are the prime factors of 997?
997
List the prime factors of 5485.
5, 1097
What are the prime factors of 16316?
2, 4079
What are the prime factors of 19579?
7, 2797
List the prime factors of 5948.
2, 1487
List the prime factors of 3390.
2, 3, 5, 113
What are the prime factors of 2589?
3, 863
What are the prime factors of 2976?
2, 3, 31
What are the prime factors of 507?
3, 13
What are the prime factors of 21999?
3, 7333
List the prime factors of 3877.
3877
What are the prime factors of 1747?
1747
What are the prime factors of 58061?
58061
What are the prime factors of 7226?
2, 3613
List the prime factors of 217.
7, 31
What are the prime factors of 10561?
59, 179
What are the prime factors of 92675?
5, 11, 337
List the prime factors of 151685.
5, 23, 1319
What are the prime factors of 5717?
5717
What are the prime factors of 22099?
7, 11, 41
List the prime factors of 17301.
3, 73, 79
List the prime factors of 9027.
3, 17, 59
What are the prime factors of 1508?
2, 13, 29
What are the prime factors of 566?
2, 283
List the prime factors of 6610.
2, 5, 661
List the prime factors of 10584.
2, 3, 7
What are the prime factors of 1150?
2, 5, 23
What are the prime factors of 7739?
71, 109
What are the prime factors of 34206?
2, 3, 5701
List the prime factors of 36613.
19, 41, 47
What are the prime factors of 9336?
2, 3, 389
What are the prime factors of 1250?
2, 5
What are the prime factors of 120050?
2, 5, 7
List the prime factors of 109409.
37, 2957
List the prime factors of 2238.
2, 3, 373
List the prime factors of 7543.
19, 397
List the prime factors of 183.
3, 61
List the prime factors of 17175.
3, 5, 229
What are the prime factors of 1329?
3, 443
What are the prime factors of 2724?
2, 3, 227
List the prime factors of 775.
5, 31
List the prime factors of 7691.
7691
List the prime factors of 61255.
5, 12251
List the prime factors of 1240.
2, 5, 31
What are the prime factors of 563?
563
What are the prime factors of 2150?
2, 5, 43
List the prime factors of 1401.
3, 467
List the prime factors of 22716.
2, 3, 631
List the prime factors of 1208.
2, 151
List the prime factors of 698.
2, 349
What are the prime factors of 10516?
2, 11, 239
What are the prime factors of 656?
2, 41
List the prime factors of 73598.
2, 7, 751
List the prime factors of 58.
2, 29
List the prime factors of 438.
2, 3, 73
What are the prime factors of 42556?
2, 10639
What are the prime factors of 1612?
2, 13, 31
List the prime factors of 531.
3, 59
List the prime factors of 10514.
2, 7, 751
What are the prime factors of 1924?
2, 13, 37
What are the prime factors of 21027?
3, 43, 163
List the prime factors of 9164.
2, 29, 79
List the prime factors of 20765.
5, 4153
List the prime factors of 60355.
5, 12071
What are the prime factors of 5735?
5, 31, 37
What are the prime factors of 5080?
2, 5, 127
List the prime factors of 76.
2, 19
What are the prime factors of 48361?
137, 353
What are the prime factors of 3604?
2, 17, 53
What are the prime factors of 32467?
32467
List the prime factors of 2982.
2, 3, 7, 71
List the prime factors of 1772.
2, 443
List the prime factors of 5066.
2, 17, 149
List the prime factors of 1746.
2, 3, 97
List the prime factors of 34117.
109, 313
What are the prime factors of 2103?
3, 701
What are the prime factors of 223?
223
What are the prime factors of 6?
2, 3
What are the prime factors of 83301?
3, 27767
What are the prime factors of 749?
7, 107
What are the prime factors of 164536?
2, 131, 157
List the prime factors of 36567.
3, 17, 239
List the prime factors of 17051.
17, 59
What are the prime factors of 22773?
3, 7591
What are the prime factors of 33472?
2, 523
What are the prime factors of 200?
2, 5
List the prime factors of 6626.
2, 3313
What are the prime factors of 5159?
7, 11, 67
List the prime factors of 107327.
11, 887
List the prime factors of 2791.
2791
List the prime factors of 4098.
2, 3, 683
List the prime factors of 3552.
2, 3, 37
List the prime factors of 1444.
2, 19
List the prime factors of 17452.
2, 4363
What are the prime factors of 1102?
2, 19, 29
List the prime factors of 5030.
2, 5, 503
What are the prime factors of 60184?
2, 7523
List the prime factors of 9964.
2, 47, 53
What are the prime factors of 8082?
2, 3, 449
What are the prime factors of 8034?
2, 3, 13, 103
List the prime factors of 9576.
2, 3, 7, 19
List the prime factors of 443.
443
What are the prime factors of 98244?
2, 3, 2729
What are the prime factors of 4699?
37, 127
What are the prime factors of 11421?
3, 47
What are the prime factors of 6728?
2, 29
List the prime factors of 2308.
2, 577
What are the prime factors of 921?
3, 307
List the prime factors of 44924.
2, 11, 1021
List the prime factors of 1126.
2, 563
List the prime factors of 9300.
2, 3, 5, 31
List the prime factors of 16510.
2, 5, 13, 127
List the prime factors of 1325.
5, 53
What are the prime factors of 1886?
2, 23, 41
List the prime factors of 8300.
2, 5, 83
What are the prime factors of 25103?
13, 1931
What are the prime factors of 440?
2, 5, 11
List the prime factors of 11628.
2, 3, 17, 19
What are the prime factors of 8287?
8287
What are the prime factors of 9811?
9811
List the prime factors of 17137.
17137
List the prime factors of 929.
929
List the prime factors of 5813.
5813
What are the prime factors of 3968?
2, 31
What are the prime factors of 4708?
2, 11, 107
What 